161163855?
False
Is 14 a factor of 4175248?
True
Is 117 a factor of 196110865?
False
Is 83958600 a multiple of 14?
False
Does 2366 divide 453332698?
True
Is 94 a factor of 10095233?
False
Is 395 a factor of 627656185?
True
Is 61 a factor of 13435433?
True
Is 6 a factor of 13566822?
True
Is 192 a factor of 1074090?
False
Is 923 a factor of 820529463?
True
Does 408 divide 98299247?
False
Is 208772267 a multiple of 878?
False
Does 64 divide 154087093?
False
Is 2515 a factor of 309118650?
True
Is 725775764 a multiple of 17?
True
Is 461 a factor of 264997552?
True
Is 44 a factor of 22758560?
True
Does 11016 divide 770404248?
False
Is 2202 a factor of 920662806?
True
Does 17 divide 452951038?
False
Is 64322144 a multiple of 8?
True
Is 2578 a factor of 1281121849?
False
Does 8 divide 360054464?
True
Does 14 divide 684906765?
False
Is 42181678 a multiple of 14?
True
Is 33207132 a multiple of 28?
True
Does 34 divide 2901213078?
False
Does 3 divide 16213921?
False
Does 25 divide 108086100?
True
Is 20 a factor of 39553773?
False
Is 31061808 a multiple of 912?
True
Does 18 divide 749679018?
False
Is 14446431 a multiple of 9?
True
Is 492 a factor of 2279187540?
True
Does 51 divide 59795933?
False
Does 240 divide 58302480?
True
Is 23 a factor of 815170?
False
Is 31740765 a multiple of 3535?
True
Is 192974964 a multiple of 854?
True
Is 1365968052 a multiple of 36?
True
Does 2046 divide 12038936?
False
Is 180199098 a multiple of 354?
True
Is 606855197 a multiple of 13?
True
Does 2886 divide 31252494?
True
Is 600 a factor of 36247219?
False
Is 90429687 a multiple of 981?
False
Does 316 divide 24235187?
False
Is 28 a factor of 28045976?
True
Does 9 divide 175876059?
False
Is 1060 a factor of 13799080?
True
Does 230 divide 1008156020?
False
Does 79 divide 22536911?
False
Does 14 divide 73996871?
False
Does 50 divide 338360225?
False
Is 23 a factor of 663618244?
False
Does 61 divide 1354663875?
False
Is 473861600 a multiple of 400?
True
Is 7 a factor of 235041372?
False
Does 57 divide 68905476?
True
Is 57832517 a multiple of 88?
False
Does 291 divide 14719929?
False
Is 21147481 a multiple of 2219?
False
Does 1586 divide 828891180?
True
Does 9 divide 408846632?
False
Is 125489364 a multiple of 217?
True
Does 892 divide 166206293?
False
Does 20 divide 44530262?
False
Does 59 divide 38323332?
True
Does 90 divide 63257760?
True
Is 11171 a factor of 1380961639?
False
Does 4 divide 14654390?
False
Does 2324 divide 41771576?
True
Is 22 a factor of 37866972?
True
Is 578730798 a multiple of 159?
False
Is 494888103 a multiple of 607?
False
Does 2 divide 48415624?
True
Does 22 divide 21505989?
False
Is 140394383 a multiple of 21?
False
Is 637 a factor of 524717141?
False
Is 451 a factor of 447275642?
True
Does 20 divide 23354879?
False
Is 971274713 a multiple of 20?
False
Is 14 a factor of 1882953338?
True
Does 480 divide 243182400?
True
Is 25 a factor of 282954377?
False
Is 1992 a factor of 974012304?
True
Does 14 divide 40760374?
False
Is 5202 a factor of 1359433458?
True
Is 4297338108 a multiple of 126?
True
Does 9 divide 4420698273?
True
Is 14 a factor of 6541548?
False
Is 17 a factor of 461918092?
False
Is 9 a factor of 53851583?
False
Is 2652529464 a multiple of 1226?
True
Is 20507808 a multiple of 341?
False
Is 446976229 a multiple of 81?
False
Is 40347228 a multiple of 55?
False
Is 547 a factor of 49218946?
False
Is 239806126 a multiple of 14?
True
Does 421 divide 1038330824?
True
Is 9951 a factor of 3204727358?
False
Does 433 divide 175659831?
False
Is 22722336 a multiple of 12?
True
Is 22283050 a multiple of 204?
False
Is 967394530 a multiple of 134?
False
Is 38076501 a multiple of 25?
False
Is 2971 a factor of 113607378?
False
Does 641 divide 168112635?
False
Is 9 a factor of 22752531?
True
Does 19 divide 62554975?
False
Is 39 a factor of 53762124?
True
Does 5621 divide 640335854?
False
Is 30038640 a multiple of 24?
True
Is 5 a factor of 6066474?
False
Is 19641983 a multiple of 23?
False
Is 3005 a factor of 1436906860?
True
Does 1507 divide 626637059?
False
Does 9442 divide 582467538?
True
Is 643691895 a multiple of 77?
True
Does 42 divide 3908394?
True
Is 23449941 a multiple of 34?
False
Is 7289 a factor of 373473782?
True
Is 287 a factor of 51581936?
True
Is 2 a factor of 399421947?
False
Is 27063 a multiple of 31?
True
Is 167940588 a multiple of 282?
True
Is 112 a factor of 627546080?
True
Is 136 a factor of 20006280?
True
Does 4 divide 8483181?
False
Is 123128366 a multiple of 7?
False
Is 16569902 even?
True
Is 77318626 a multiple of 7?
True
Is 3112 a factor of 285252144?
True
Is 38 a factor of 89477612?
True
Does 34 divide 114256762?
True
Does 24 divide 79515096?
True
Is 40804898 a multiple of 46?
True
Is 20620775 a multiple of 175?
True
Is 438 a factor of 31802185?
False
Is 5150846 a multiple of 122?
False
Is 881002844 a multiple of 22?
False
Does 1308 divide 1084100484?
True
Does 765 divide 283778280?
True
Is 55191660 a multiple of 256?
False
Is 111 a factor of 38897979?
False
Does 2638 divide 46935571?
False
Is 58265748 a multiple of 76?
False
Does 12 divide 104707462?
False
Does 19 divide 1860458395?
False
Does 225 divide 106113825?
True
Is 185 a factor of 3797016085?
False
Is 827 a factor of 32607569?
False
Does 15 divide 12173548?
False
Is 468444900 a multiple of 66?
True
Is 157 a factor of 69610660?
True
Is 265714692 a multiple of 753?
False
Does 183 divide 17211333?
True
Is 165 a factor of 9977199?
False
Is 2459 a factor of 65131533?
True
Does 820 divide 17839160?
False
Is 103478492 a multiple of 24?
False
Is 93782655 a multiple of 45?
True
Is 3 a factor of 1642797?
True
Is 204 a factor of 297279521?
False
Is 134606935 a multiple of 1205?
True
Is 239933092 a multiple of 3423?
False
Is 4082 a factor of 356446173?
False
Is 187586240 a multiple of 152?
True
Is 22531224 a multiple of 515?
False
Does 307 divide 114187691?
False
Is 65960816 a multiple of 52?
False
Is 1395 a factor of 753566?
False
Is 356406024 a multiple of 1126?
True
Does 224 divide 24709783?
False
Does 58 divide 12363396?
True
Is 1249 a factor of 997543826?
True
Is 76463630 a multiple of 12?
False
Does 51 divide 495723672?
True
Is 72092302 a multiple of 3?
False
Does 22 divide 601084898?
False
Does 914 divide 358979394?
False
Is 118 a factor of 35069600?
True
Does 142 divide 36353278?
True
Is 2299849146 a multiple of 351?
False
Is 13466493 a multiple of 279?
True
Is 65142176 a multiple of 22?
True
Is 158 a factor of 1285014?
True
Does 937 divide 217206907?
True
Is 127541619 a multiple of 170?
False
Is 220454640 a multiple of 680?
True
Does 1783 divide 92407809?
False
Is 515 a factor of 332698755?
True
Is 131 a factor of 8454216?
True
Does 8 divide 7818310?
False
Is 349866606 a multiple of 2095?
False
Does 2389 divide 1784910293?
True
Is 2654483 a multiple of 33?
False
Is 478 a factor of 412596216?
True
Does 252 divide 266104944?
True
Is 3 a factor of 37356280?
False
Does 154 divide 7040193?
False
Does 112 divide 279277040?
True
Is 3479 a factor of 827959299?
False
Is 13275933 a multiple of 1221?
True
Does 3507 divide 1497297451?
False
Is 36293349 a multiple of 171?
False
Is 51035457 a multiple of 54?
False
Is 463694725 a multiple of 2438?
False
Does 248 divide 93403744?
True
Does 366 divide 457315841?
False
Is 642 a factor of 30871212?
True
Does 147 divide 350580006?
True
Does 1020 divide 47126040?
True
Is 10364760 a multiple of 3?
True
Does 51 divide 93561165?
False
Is 27240306 a multiple of 4?
False
Is 1483 a factor of 234996180?
True
Is 883238177 a multiple of 263?
False
Does 130 divide 240051760?
True
Is 220 a factor of 1698745620?
True
Is 11732976 a multiple of 4?
True
Is 222757380 a multiple of 8457?
True
Does 97 divide 8466156869?
False
Is 3 a factor of 32395180?
False
Does 65 divide 10337671?
False
Is 940375700 a multiple of 5060?
True
Does 52 divide 146729596?
True
Is 434616672 a multiple of 686?
True
Does 11 divide 50483369?
False
Does 108 divide 33100040?
False
Is 5920351608 a multiple of 253?
False
Is 66 a factor of 50192934?
True
Is 1025 a factor of 36503325?
True
Is 136057976 a multiple of 2?
True
Is 37 a factor of 2520218011?
False
Is 14136 a multiple of 12?
True
Is 173 a factor of 803644166?
True
Is 244 a factor of 580589884?
False
Does 51 divide 118188935?
False
Is 